149, 389, 56093
What are the prime factors of 2976454959?
3, 4481, 221413
What are the prime factors of 1440225551?
53, 1031, 26357
List the prime factors of 1288441840.
2, 5, 7, 31, 74219
What are the prime factors of 64089409?
64089409
What are the prime factors of 3322631869?
55229, 60161
What are the prime factors of 92291032?
2, 11536379
List the prime factors of 2271684722.
2, 1135842361
List the prime factors of 53125678.
2, 26562839
What are the prime factors of 355757834?
2, 43, 4136719
List the prime factors of 59630111.
547, 109013
List the prime factors of 2990069843.
19, 479, 328543
What are the prime factors of 2777955303?
3, 53, 83, 210499
List the prime factors of 20760201.
3, 7, 11, 29, 1033
List the prime factors of 465108505.
5, 19, 59, 82981
List the prime factors of 4264268419.
43, 1033, 96001
List the prime factors of 1831997448.
2, 3, 25444409
List the prime factors of 75481900.
2, 5, 13, 31, 1873
What are the prime factors of 3669839186?
2, 13, 311, 453851
What are the prime factors of 6428011680?
2, 3, 5, 101, 193, 229
What are the prime factors of 3754345183?
3754345183
What are the prime factors of 1306638677?
3347, 390391
What are the prime factors of 252286808?
2, 233, 135347
List the prime factors of 244083725.
5, 263, 37123
List the prime factors of 3306760013.
17047, 193979
What are the prime factors of 38835577?
11, 3530507
List the prime factors of 325063720.
2, 5, 8126593
List the prime factors of 2463401358.
2, 3, 11, 12441421
What are the prime factors of 21609792?
2, 3, 37517
What are the prime factors of 67545031?
29, 103, 22613
What are the prime factors of 2070507?
3, 751, 919
What are the prime factors of 940311664?
2, 58769479
What are the prime factors of 225431155?
5, 43, 1048517
List the prime factors of 347694917.
347694917
List the prime factors of 302814907.
302814907
List the prime factors of 127406620.
2, 5, 11, 761
List the prime factors of 591780202.
2, 13, 23, 76123
List the prime factors of 360648437.
29, 47, 264599
What are the prime factors of 355956917?
355956917
List the prime factors of 88910030.
2, 5, 11, 673, 1201
List the prime factors of 16829138.
2, 1867, 4507
List the prime factors of 510531866.
2, 13, 19635841
List the prime factors of 95108145.
3, 5, 11, 113, 5101
What are the prime factors of 111533812?
2, 13, 593, 3617
What are the prime factors of 4033190?
2, 5, 7, 8231
What are the prime factors of 222037640?
2, 5, 11, 504631
List the prime factors of 1417920444.
2, 3, 727, 18059
List the prime factors of 303477453.
3, 271, 124427
What are the prime factors of 270625919?
270625919
List the prime factors of 1111931301.
3, 13, 1511, 18869
What are the prime factors of 739867572?
2, 3, 20551877
What are the prime factors of 10712483?
10712483
List the prime factors of 985640097.
3, 13, 419, 60317
What are the prime factors of 711857987?
127, 5605181
What are the prime factors of 501417437?
501417437
What are the prime factors of 171176428?
2, 607, 70501
What are the prime factors of 5043577?
7, 11, 17, 3853
List the prime factors of 3307821543.
3, 13, 3141331
What are the prime factors of 113146271?
7, 17, 950809
What are the prime factors of 146583991?
23, 6373217
What are the prime factors of 46485535?
5, 883, 10529
List the prime factors of 516102092.
2, 11, 19, 127, 4861
What are the prime factors of 1083618?
2, 3, 6689
List the prime factors of 21159450.
2, 3, 5, 13, 3617
List the prime factors of 515115796.
2, 13, 839, 11807
List the prime factors of 52250257.
29, 1801733
What are the prime factors of 59134452?
2, 3, 13, 2243
List the prime factors of 44766681.
3, 14922227
What are the prime factors of 1918483186?
2, 30011, 31963
List the prime factors of 17918219.
11, 23, 70823
What are the prime factors of 4343279036?
2, 229, 1223, 3877
List the prime factors of 66417964.
2, 16604491
What are the prime factors of 1359303677?
1359303677
What are the prime factors of 313379122?
2, 7, 17, 19, 37, 1873
List the prime factors of 3070025316.
2, 3, 85278481
What are the prime factors of 3807184466?
2, 1903592233
What are the prime factors of 142408013?
11, 12946183
List the prime factors of 159578347.
23, 6938189
What are the prime factors of 23050681?
3001, 7681
What are the prime factors of 341372815?
5, 7, 227, 42967
List the prime factors of 276503642.
2, 138251821
What are the prime factors of 1631219442?
2, 3, 31, 569, 15413
What are the prime factors of 1426215068?
2, 17, 2609, 8039
What are the prime factors of 2003655184?
2, 19, 6590971
What are the prime factors of 7160437891?
113, 251, 252457
What are the prime factors of 86533146?
2, 3, 7, 229, 2999
What are the prime factors of 59623667?
433, 137699
What are the prime factors of 1229177292?
2, 3, 7, 313, 46751
List the prime factors of 313689847.
23, 2963, 4603
List the prime factors of 306134895.
3, 5, 11, 17, 109139
List the prime factors of 927515133.
3, 31, 181, 18367
What are the prime factors of 321710458?
2, 1361, 118189
List the prime factors of 50986030.
2, 5, 59, 103, 839
List the prime factors of 4591599.
3, 29, 89, 593
What are the prime factors of 1790942752?
2, 55966961
What are the prime factors of 1024759277?
349, 2936273
List the prime factors of 27749218.
2, 7, 1982087
List the prime factors of 1060037331.
3, 353345777
What are the prime factors of 431295128?
2, 11, 79, 62039
List the prime factors of 271676860.
2, 5, 7, 13, 113, 1321
What are the prime factors of 1059095099?
23, 113, 407501
What are the prime factors of 18381108?
2, 3, 73, 20983
List the prime factors of 205383854.
2, 13, 103, 271, 283
List the prime factors of 15546741.
3, 7, 740321
What are the prime factors of 8349849?
3, 337, 2753
What are the prime factors of 2181838690?
2, 5, 223, 978403
What are the prime factors of 367816724?
2, 11, 8359471
What are the prime factors of 93112148?
2, 41, 59, 9623
What are the prime factors of 90156162?
2, 3, 593, 25339
What are the prime factors of 4890289176?
2, 3, 827, 82129
List the prime factors of 116025076.
2, 71, 408539
What are the prime factors of 1477854684?
2, 3, 367, 111857
What are the prime factors of 232426811?
232426811
What are the prime factors of 46480388?
2, 29, 41, 337
What are the prime factors of 145135507?
11, 1199467
What are the prime factors of 152783856?
2, 3, 317, 3347
What are the prime factors of 8040483228?
2, 3, 1117, 599857
List the prime factors of 76326627.
3, 13, 23, 85091
What are the prime factors of 335028773?
335028773
What are the prime factors of 436822646?
2, 13, 16800871
List the prime factors of 3550097426.
2, 23, 77176031
What are the prime factors of 7529512028?
2, 109, 1579, 10937
List the prime factors of 565791569.
7, 17, 4754551
List the prime factors of 1424525253.
3, 61, 431, 18061
List the prime factors of 83553226.
2, 71, 588403
List the prime factors of 30992813.
607, 51059
What are the prime factors of 3071269008?
2, 3, 1163, 6113
List the prime factors of 152042631.
3, 13, 31, 67, 1877
List the prime factors of 1150683621.
3, 383561207
List the prime factors of 46382400.
2, 3, 5, 3221
What are the prime factors of 5257625810?
2, 5, 525762581
What are the prime factors of 55438359?
3, 18479453
List the prime factors of 526024504.
2, 29, 43, 67, 787
What are the prime factors of 82779155?
5, 16555831
What are the prime factors of 5000677059?
3, 7, 149, 1598171
What are the prime factors of 88670939?
7, 601, 3011
List the prime factors of 637723399.
637723399
List the prime factors of 2319990896.
2, 19, 31, 173, 1423
What are the prime factors of 59994803?
11, 181, 30133
What are the prime factors of 94546908?
2, 3, 101, 26003
List the prime factors of 2193624647.
2193624647
What are the prime factors of 1235012748?
2, 3, 102917729
List the prime factors of 1190711001.
3, 149, 2663783
List the prime factors of 5251395.
3, 5, 350093
What are the prime factors of 1203709840?
2, 5, 15046373
What are the prime factors of 103227096?
2, 3, 7, 191, 3217
What are the prime factors of 1606469285?
5, 19, 16910203
What are the prime factors of 702619796?
2, 175654949
What are the prime factors of 464352174?
2, 3, 11, 13, 13877
What are the prime factors of 173804072?
2, 13, 127, 13159
What are the prime factors of 210030295?
5, 241, 1742